{"id":152,"date":"2019-01-24T10:06:23","date_gmt":"2019-01-24T09:06:23","guid":{"rendered":"http:\/\/tchanca.fr\/?page_id=152"},"modified":"2020-02-05T09:06:17","modified_gmt":"2020-02-05T08:06:17","slug":"intervenants","status":"publish","type":"page","link":"https:\/\/tchanca.fr\/index.php\/intervenants\/","title":{"rendered":"Intervenants"},"content":{"rendered":"\n<div class=\"wp-block-media-text alignwide has-light-blue-background-color\" style=\"grid-template-columns:18% auto\"><figure class=\"wp-block-media-text__media\"><img loading=\"lazy\" width=\"245\" height=\"302\" src=\"http:\/\/tchanca.fr\/wp-content\/uploads\/2019\/10\/HB-1.jpg\" alt=\"\" class=\"wp-image-378\" srcset=\"https:\/\/tchanca.fr\/wp-content\/uploads\/2019\/10\/HB-1.jpg 245w, https:\/\/tchanca.fr\/wp-content\/uploads\/2019\/10\/HB-1-243x300.jpg 243w\" sizes=\"(max-width: 245px) 100vw, 245px\" \/><\/figure><div class=\"wp-block-media-text__content\">\n<p class=\"has-small-font-size\"><strong>Coach certifi\u00e9e, consultante et formatrice, <\/strong>depuis plus de vingt ans, H\u00e9l\u00e8ne Beaugrand accompagne <strong>les transformations des grandes et moyennes entreprises. <\/strong>Apr\u00e8s une premi\u00e8re partie de carri\u00e8re en tant que professionnelle RH dans le secteur de l\u2019industrie automobile (accompagnement de transformations \u00e0 dimension multiculturelle, d\u00e9veloppement du leadership et \u00e9volution des pratiques manag\u00e9riales\u2026), elle s\u2019oriente ensuite vers le conseil en organisation, RH et management (aupr\u00e8s d&#8217;entreprise publiques et priv\u00e9es de divers secteurs). Puis elle se sp\u00e9cialise dans l\u2019accompagnement des transformations (pilotage du volet <em>change<\/em> de projets strat\u00e9giques d\u2019entreprises, professionnalisation de r\u00e9seaux d\u2019acteurs du changement). Elle cr\u00e9e Tchanc\u00e0 et  obtient sa certification de coach professionnelle. Elle accompagne aujourd&#8217;hui ses clients dans leurs souhaits de transformation individuelle ou collective en utilisant une <strong>approche syst\u00e9mique.<\/strong><\/p>\n\n\n\n<p><\/p>\n<\/div><\/div>\n\n\n\n<div class=\"wp-block-media-text alignwide has-light-blue-background-color\" style=\"grid-template-columns:18% auto\"><figure class=\"wp-block-media-text__media\"><img loading=\"lazy\" width=\"1024\" height=\"738\" src=\"http:\/\/tchanca.fr\/wp-content\/uploads\/2019\/01\/r\u00e9seau-3-1024x738.png\" alt=\"\" class=\"wp-image-190\" srcset=\"https:\/\/tchanca.fr\/wp-content\/uploads\/2019\/01\/r\u00e9seau-3-1024x738.png 1024w, https:\/\/tchanca.fr\/wp-content\/uploads\/2019\/01\/r\u00e9seau-3-300x216.png 300w, https:\/\/tchanca.fr\/wp-content\/uploads\/2019\/01\/r\u00e9seau-3-768x554.png 768w, https:\/\/tchanca.fr\/wp-content\/uploads\/2019\/01\/r\u00e9seau-3.png 1280w\" sizes=\"(max-width: 1024px) 100vw, 1024px\" \/><\/figure><div class=\"wp-block-media-text__content\">\n<p class=\"has-small-font-size\"><\/p>\n\n\n\n<p class=\"has-small-font-size\"><strong>Tchanc\u00e0 s&#8217;appuie sur un r\u00e9seau de partenaires certifi\u00e9s<\/strong>, intervenant selon leur sp\u00e9cificit\u00e9 en fonction du besoin du client<\/p>\n\n\n\n<p><\/p>\n<\/div><\/div>\n\n\n\n<p>                   <\/p>\n\n\n\n<p><\/p>\n\n\n\n<p><\/p>\n\n\n\n<p>          <\/p>\n\n\n\n<p>Quelques r\u00e9f\u00e9rences :<\/p>\n\n\n\n<figure class=\"wp-block-image\"><img loading=\"lazy\" width=\"584\" height=\"283\" src=\"http:\/\/tchanca.fr\/wp-content\/uploads\/2020\/02\/r\u00e9f\u00e9rences-f\u00e9v-2020.png\" alt=\"\" class=\"wp-image-408\" srcset=\"https:\/\/tchanca.fr\/wp-content\/uploads\/2020\/02\/r\u00e9f\u00e9rences-f\u00e9v-2020.png 584w, https:\/\/tchanca.fr\/wp-content\/uploads\/2020\/02\/r\u00e9f\u00e9rences-f\u00e9v-2020-300x145.png 300w\" sizes=\"(max-width: 584px) 100vw, 584px\" \/><\/figure>\n","protected":false},"excerpt":{"rendered":"<p>Coach certifi\u00e9e, consultante et formatrice, depuis plus de vingt ans, H\u00e9l\u00e8ne Beaugrand accompagne les transformations des grandes et moyennes entreprises. Apr\u00e8s une premi\u00e8re partie de carri\u00e8re en tant que professionnelle RH dans le secteur de l\u2019industrie automobile (accompagnement de transformations \u00e0 dimension multiculturelle, d\u00e9veloppement du leadership et \u00e9volution des pratiques manag\u00e9riales\u2026), elle s\u2019oriente ensuite vers &hellip; <a href=\"https:\/\/tchanca.fr\/index.php\/intervenants\/\" class=\"more-link\">Continue reading <span class=\"screen-reader-text\">Intervenants<\/span><\/a><\/p>\n","protected":false},"author":1,"featured_media":0,"parent":0,"menu_order":0,"comment_status":"closed","ping_status":"closed","template":"","meta":[],"_links":{"self":[{"href":"https:\/\/tchanca.fr\/index.php\/wp-json\/wp\/v2\/pages\/152"}],"collection":[{"href":"https:\/\/tchanca.fr\/index.php\/wp-json\/wp\/v2\/pages"}],"about":[{"href":"https:\/\/tchanca.fr\/index.php\/wp-json\/wp\/v2\/types\/page"}],"author":[{"embeddable":true,"href":"https:\/\/tchanca.fr\/index.php\/wp-json\/wp\/v2\/users\/1"}],"replies":[{"embeddable":true,"href":"https:\/\/tchanca.fr\/index.php\/wp-json\/wp\/v2\/comments?post=152"}],"version-history":[{"count":13,"href":"https:\/\/tchanca.fr\/index.php\/wp-json\/wp\/v2\/pages\/152\/revisions"}],"predecessor-version":[{"id":409,"href":"https:\/\/tchanca.fr\/index.php\/wp-json\/wp\/v2\/pages\/152\/revisions\/409"}],"wp:attachment":[{"href":"https:\/\/tchanca.fr\/index.php\/wp-json\/wp\/v2\/media?parent=152"}],"curies":[{"name":"wp","href":"https:\/\/api.w.org\/{rel}","templated":true}]}}