{"id":16,"date":"2018-03-15T10:42:45","date_gmt":"2018-03-15T09:42:45","guid":{"rendered":"http:\/\/tchanca.fr\/?page_id=16"},"modified":"2022-01-19T12:05:40","modified_gmt":"2022-01-19T11:05:40","slug":"accueil","status":"publish","type":"page","link":"https:\/\/tchanca.fr\/","title":{"rendered":"Agir Professionnellement pour se transformer"},"content":{"rendered":"\n<div class=\"wp-block-image\"><figure class=\"aligncenter is-resized\"><img loading=\"lazy\" src=\"http:\/\/tchanca.fr\/wp-content\/uploads\/2019\/09\/tchanca-eva-1-997x1024.jpg\" alt=\"\" class=\"wp-image-223\" width=\"275\" height=\"282\" srcset=\"https:\/\/tchanca.fr\/wp-content\/uploads\/2019\/09\/tchanca-eva-1-997x1024.jpg 997w, https:\/\/tchanca.fr\/wp-content\/uploads\/2019\/09\/tchanca-eva-1-292x300.jpg 292w, https:\/\/tchanca.fr\/wp-content\/uploads\/2019\/09\/tchanca-eva-1-768x789.jpg 768w\" sizes=\"(max-width: 275px) 100vw, 275px\" \/><\/figure><\/div>\n\n\n\n<p style=\"font-size:14px\">S\u2019\u00e9panouir professionnellement, \u00e9couter ses aspirations, atteindre ses objectifs, utiliser tous ses&nbsp;potentiels, se sentir align\u00e9 avec ses valeurs, acc\u00e9der \u00e0 ses r\u00eaves\u2026 Tchanc\u00e0 vous accompagne individuellement&nbsp;ou en \u00e9quipe dans votre transformation.<\/p>\n\n\n\n<h2 style=\"font-size:26px\">Actualit\u00e9s :<\/h2>\n\n\n\n<div class=\"wp-block-columns alignwide are-vertically-aligned-top\">\n<div class=\"wp-block-column\" style=\"flex-basis:21%\">\n<figure class=\"wp-block-image\"><img loading=\"lazy\" width=\"722\" height=\"1024\" src=\"http:\/\/tchanca.fr\/wp-content\/uploads\/2022\/01\/couverture-722x1024.png\" alt=\"\" class=\"wp-image-422\" srcset=\"https:\/\/tchanca.fr\/wp-content\/uploads\/2022\/01\/couverture-722x1024.png 722w, https:\/\/tchanca.fr\/wp-content\/uploads\/2022\/01\/couverture-212x300.png 212w, https:\/\/tchanca.fr\/wp-content\/uploads\/2022\/01\/couverture-768x1089.png 768w, https:\/\/tchanca.fr\/wp-content\/uploads\/2022\/01\/couverture.png 942w\" sizes=\"(max-width: 722px) 100vw, 722px\" \/><\/figure>\n<\/div>\n\n\n\n<div class=\"wp-block-column\" style=\"flex-basis:79%\">\n<p style=\"font-size:14px\">Troisi\u00e8me publication sur la th\u00e9matique du fonctionnement hybride pr\u00e9sentiel\/distanciel, cet ouvrage d\u00e9crit la mani\u00e8re dont les organisations organisent le travail dans un mixte pr\u00e9sentiel \/ distanciel. Entre le tout pr\u00e9sentiel et le tout distanciel, il y a un nouveau mode d\u2019organisation en construction que nous nommons hybride avec des impacts sur le management, la dimension collective, les nouveaux projets et l\u2019immobilier. J&#8217;y ai d\u00e9crit comment l&#8217;hybride impacte \u00e9galement les dispositifs d&#8217;accompagnement de transformation.<\/p>\n\n\n\n<p style=\"font-size:14px\">Tr\u00e8s heureuse d&#8217;avoir contribu\u00e9 \u00e0 cet ouvrage collectif  !<\/p>\n<\/div>\n<\/div>\n\n\n\n<p><\/p>\n\n\n\n<p class=\"has-text-color\" style=\"color:#779680;font-size:18px\"><strong>Intelligence collective et \u00c9cologie personnelle : le programme de formation pour managers et chefs de projet est en ligne ! <\/strong><\/p>\n\n\n\n<p> <\/p>\n\n\n\n<figure class=\"wp-block-image\"><img loading=\"lazy\" width=\"826\" height=\"455\" src=\"http:\/\/tchanca.fr\/wp-content\/uploads\/2020\/02\/image-LinkedIn.jpg\" alt=\"\" class=\"wp-image-403\" srcset=\"https:\/\/tchanca.fr\/wp-content\/uploads\/2020\/02\/image-LinkedIn.jpg 826w, https:\/\/tchanca.fr\/wp-content\/uploads\/2020\/02\/image-LinkedIn-300x165.jpg 300w, https:\/\/tchanca.fr\/wp-content\/uploads\/2020\/02\/image-LinkedIn-768x423.jpg 768w, https:\/\/tchanca.fr\/wp-content\/uploads\/2020\/02\/image-LinkedIn-825x455.jpg 825w\" sizes=\"(max-width: 826px) 100vw, 826px\" \/><\/figure>\n\n\n\n<div class=\"wp-block-file aligncenter\"><a href=\"http:\/\/tchanca.fr\/wp-content\/uploads\/2020\/02\/Intelligence-Collective-et-Ecologie-Personnelle-Programme-2020.pdf\"><sub>Intelligence Collective et Ecologie Personnelle &#8211; Le programme<\/sub><\/a><\/div>\n\n\n\n<h2 style=\"font-size:26px\"><strong>Nos interventions<\/strong><\/h2>\n\n\n\n<div class=\"wp-block-group\"><div class=\"wp-block-group__inner-container\">\n<div class=\"wp-block-group\"><div class=\"wp-block-group__inner-container\">\n<figure class=\"wp-block-gallery columns-3 is-cropped\"><ul class=\"blocks-gallery-grid\"><li class=\"blocks-gallery-item\"><figure><img loading=\"lazy\" width=\"1024\" height=\"603\" src=\"http:\/\/tchanca.fr\/wp-content\/uploads\/2019\/10\/coaching-individuel-1024x603.jpg\" alt=\"\" data-id=\"341\" data-full-url=\"http:\/\/tchanca.fr\/wp-content\/uploads\/2019\/10\/coaching-individuel.jpg\" data-link=\"http:\/\/tchanca.fr\/index.php\/accueil\/coaching-individuel\/\" class=\"wp-image-341\" srcset=\"https:\/\/tchanca.fr\/wp-content\/uploads\/2019\/10\/coaching-individuel-1024x603.jpg 1024w, https:\/\/tchanca.fr\/wp-content\/uploads\/2019\/10\/coaching-individuel-300x177.jpg 300w, https:\/\/tchanca.fr\/wp-content\/uploads\/2019\/10\/coaching-individuel-768x453.jpg 768w, https:\/\/tchanca.fr\/wp-content\/uploads\/2019\/10\/coaching-individuel.jpg 1495w\" sizes=\"(max-width: 1024px) 100vw, 1024px\" \/><\/figure><\/li><li class=\"blocks-gallery-item\"><figure><img loading=\"lazy\" width=\"1024\" height=\"713\" src=\"http:\/\/tchanca.fr\/wp-content\/uploads\/2019\/10\/coaching-equipe-1024x713.jpg\" alt=\"\" data-id=\"345\" data-full-url=\"http:\/\/tchanca.fr\/wp-content\/uploads\/2019\/10\/coaching-equipe.jpg\" data-link=\"http:\/\/tchanca.fr\/index.php\/accueil\/coaching-equipe\/\" class=\"wp-image-345\" srcset=\"https:\/\/tchanca.fr\/wp-content\/uploads\/2019\/10\/coaching-equipe-1024x713.jpg 1024w, https:\/\/tchanca.fr\/wp-content\/uploads\/2019\/10\/coaching-equipe-300x209.jpg 300w, https:\/\/tchanca.fr\/wp-content\/uploads\/2019\/10\/coaching-equipe-768x535.jpg 768w, https:\/\/tchanca.fr\/wp-content\/uploads\/2019\/10\/coaching-equipe.jpg 1344w\" sizes=\"(max-width: 1024px) 100vw, 1024px\" \/><\/figure><\/li><li class=\"blocks-gallery-item\"><figure><img loading=\"lazy\" width=\"1024\" height=\"717\" src=\"http:\/\/tchanca.fr\/wp-content\/uploads\/2019\/10\/accompagnement-transfo-1024x717.jpg\" alt=\"\" data-id=\"342\" data-full-url=\"http:\/\/tchanca.fr\/wp-content\/uploads\/2019\/10\/accompagnement-transfo.jpg\" data-link=\"http:\/\/tchanca.fr\/index.php\/accueil\/accompagnement-transfo\/\" class=\"wp-image-342\" srcset=\"https:\/\/tchanca.fr\/wp-content\/uploads\/2019\/10\/accompagnement-transfo-1024x717.jpg 1024w, https:\/\/tchanca.fr\/wp-content\/uploads\/2019\/10\/accompagnement-transfo-300x210.jpg 300w, https:\/\/tchanca.fr\/wp-content\/uploads\/2019\/10\/accompagnement-transfo-768x537.jpg 768w, https:\/\/tchanca.fr\/wp-content\/uploads\/2019\/10\/accompagnement-transfo.jpg 1306w\" sizes=\"(max-width: 1024px) 100vw, 1024px\" \/><\/figure><\/li><\/ul><\/figure>\n<\/div><\/div>\n\n\n\n<p><\/p>\n<\/div><\/div>\n\n\n\n<p style=\"font-size:14px\"><strong>Coaching individuel :\u00a0<\/strong>prise de nouvelles responsabilit\u00e9s, d\u00e9passement d\u2019obstacles professionnels, d\u00e9veloppement du leadership, mise en place d\u2019un cadre de travail \u00e9cologique, \u00e9laboration du parcours professionnel\u2026  <br><br><strong>Coaching collectif :<\/strong> d\u00e9veloppement de l\u2019intelligence collective, mise en \u0153uvre de transformations organisationnelles,  gestion des conflits entre \u00e9quipes, am\u00e9lioration de la performance , cr\u00e9ation de nouvelles \u00e9quipes\u2026  <br><br><strong><strong>Conseil en change management <\/strong>: <\/strong>conseil aux d\u00e9cideurs, accompagnement des projets de transformation (conseils m\u00e9thodologiques, pilotage de volet conduite du changement des projets), professionnalisation de r\u00e9seaux change\u2026 <br><br><strong>Facilitation :\u00a0<\/strong>cr\u00e9ation et animation de s\u00e9minaires pour comit\u00e9s de direction, \u00e9quipes projet (exemple de th\u00e9matiques : innovation, intelligence collective, modes de fonctionnement\u2026), design thinking, co-d\u00e9veloppement\u2026  <br><br><strong>Formations manag\u00e9riales et RH* <\/strong>: r\u00f4le et postures, sensibilisation et d\u00e9veloppement de comp\u00e9tences en change management, d\u00e9veloppement des pratiques manag\u00e9riales, formation sur les fondamentaux du management <\/p>\n\n\n\n<p><\/p>\n\n\n\n<div class=\"wp-block-columns\">\n<div class=\"wp-block-column\" style=\"flex-basis:100%\">\n<p style=\"font-size:12px\"><em>*Organisme de formation en cours de certification qualiopi  <\/em><\/p>\n\n\n\n<p><\/p>\n<\/div>\n<\/div>\n\n\n\n<h2 style=\"font-size:26px\">Nous contacter :<\/h2>\n\n\n\n<p style=\"font-size:14px\">H\u00e9l\u00e8ne Beaugrand :+33 6 03 90 05 95 \/ <em>helene.beaugrand@tchanca.fr<\/em> <\/p>\n","protected":false},"excerpt":{"rendered":"<p>S\u2019\u00e9panouir professionnellement, \u00e9couter ses aspirations, atteindre ses objectifs, utiliser tous ses&nbsp;potentiels, se sentir align\u00e9 avec ses valeurs, acc\u00e9der \u00e0 ses r\u00eaves\u2026 Tchanc\u00e0 vous accompagne individuellement&nbsp;ou en \u00e9quipe dans votre transformation. Actualit\u00e9s : Troisi\u00e8me publication sur la th\u00e9matique du fonctionnement hybride pr\u00e9sentiel\/distanciel, cet ouvrage d\u00e9crit la mani\u00e8re dont les organisations organisent le travail dans un mixte &hellip; <a href=\"https:\/\/tchanca.fr\/\" class=\"more-link\">Continue reading <span class=\"screen-reader-text\">Agir Professionnellement pour se transformer<\/span><\/a><\/p>\n","protected":false},"author":1,"featured_media":0,"parent":0,"menu_order":0,"comment_status":"closed","ping_status":"closed","template":"","meta":[],"_links":{"self":[{"href":"https:\/\/tchanca.fr\/index.php\/wp-json\/wp\/v2\/pages\/16"}],"collection":[{"href":"https:\/\/tchanca.fr\/index.php\/wp-json\/wp\/v2\/pages"}],"about":[{"href":"https:\/\/tchanca.fr\/index.php\/wp-json\/wp\/v2\/types\/page"}],"author":[{"embeddable":true,"href":"https:\/\/tchanca.fr\/index.php\/wp-json\/wp\/v2\/users\/1"}],"replies":[{"embeddable":true,"href":"https:\/\/tchanca.fr\/index.php\/wp-json\/wp\/v2\/comments?post=16"}],"version-history":[{"count":28,"href":"https:\/\/tchanca.fr\/index.php\/wp-json\/wp\/v2\/pages\/16\/revisions"}],"predecessor-version":[{"id":425,"href":"https:\/\/tchanca.fr\/index.php\/wp-json\/wp\/v2\/pages\/16\/revisions\/425"}],"wp:attachment":[{"href":"https:\/\/tchanca.fr\/index.php\/wp-json\/wp\/v2\/media?parent=16"}],"curies":[{"name":"wp","href":"https:\/\/api.w.org\/{rel}","templated":true}]}}